digit of 16764?
1
What is the hundreds digit of 13246?
2
What is the hundreds digit of 10867?
8
What is the units digit of 82702?
2
What is the ten thousands digit of 61954?
6
What is the hundreds digit of 182?
1
What is the hundreds digit of 504?
5
What is the thousands digit of 4497?
4
What is the hundreds digit of 10710?
7
What is the thousands digit of 2037?
2
What is the tens digit of 88?
8
What is the hundreds digit of 14079?
0
What is the ten thousands digit of 35039?
3
What is the units digit of 384?
4
What is the tens digit of 20347?
4
What is the thousands digit of 1773?
1
What is the tens digit of 14?
1
What is the units digit of 6976?
6
What is the units digit of 62?
2
What is the tens digit of 7609?
0
What is the tens digit of 9858?
5
What is the thousands digit of 3899?
3
What is the units digit of 88952?
2
What is the units digit of 18056?
6
What is the tens digit of 230?
3
What is the hundreds digit of 158?
1
What is the hundreds digit of 828?
8
What is the hundreds digit of 2330?
3
What is the thousands digit of 58054?
8
What is the units digit of 13893?
3
What is the units digit of 6473?
3
What is the thousands digit of 8636?
8
What is the thousands digit of 5875?
5
What is the hundreds digit of 7029?
0
What is the hundreds digit of 30559?
5
What is the tens digit of 1078?
7
What is the thousands digit of 17643?
7
What is the thousands digit of 70800?
0
What is the units digit of 37692?
2
What is the tens digit of 55292?
9
What is the thousands digit of 10876?
0
What is the units digit of 14617?
7
What is the thousands digit of 4169?
4
What is the units digit of 4360?
0
What is the units digit of 2464?
4
What is the hundreds digit of 1477?
4
What is the ten thousands digit of 53018?
5
What is the tens digit of 40557?
5
What is the tens digit of 3579?
7
What is the units digit of 144996?
6
What is the hundreds digit of 52093?
0
What is the units digit of 2251?
1
What is the tens digit of 888?
8
What is the hundreds digit of 1253?
2
What is the units digit of 5065?
5
What is the tens digit of 3435?
3
What is the thousands digit of 9209?
9
What is the tens digit of 505?
0
What is the hundreds digit of 9283?
2
What is the units digit of 50164?
4
What is the ten thousands digit of 49780?
4
What is the tens digit of 123?
2
What is the hundreds digit of 145?
1
What is the hundreds digit of 12872?
8
What is the units digit of 7738?
8
What is the hundreds digit of 1841?
8
What is the ten thousands digit of 18354?
1
What is the thousands digit of 55213?
5
What is the thousands digit of 12393?
2
What is the hundreds digit of 1216?
2
What is the ten thousands digit of 18990?
1
What is the hundreds digit of 3959?
9
What is the units digit of 50868?
8
What is the units digit of 3090?
0
What is the tens digit of 4161?
6
What is the ten thousands digit of 10789?
1
What is the tens digit of 17081?
8
What is the hundreds digit of 813?
8
What is the units digit of 3004?
4
What is the thousands digit of 5341?
5
What is the units digit of 19362?
2
What is the units digit of 13227?
7
What is the hundreds digit of 9988?
9
What is the tens digit of 567?
6
What is the hundreds digit of 35058?
0
What is the hundreds digit of 3051?
0
What is the units digit of 1181?
1
What is the hundreds digit of 755?
7
What is the tens digit of 1851?
5
What is the ten thousands digit of 87007?
8
What is the tens digit of 89522?
2
What is the thousands digit of 14661?
4
What is the units digit of 934?
4
What is the hundreds digit of 11199?
1
What is the units digit of 3932?
2
What is the thousands digit of 202261?
2
What is the thousands digit of 26487?
6
What is the hundreds digit of 12711?
7
What is the units digit of 7436?
6
What is the units digit of 59973?
3
What is the units digit of 879?
9
What is the tens digit of 940?
4
What is the tens digit of 17?
1
What is the thousands digit of 91851?
1
What is the ten thousands digit of 24742?
2
What is the tens digit of 172?
7
What is the units digit of 4718?
8
What is the units digit of 989?
9
What is the ten thousands digit of 13465?
1
What is the hundreds digit of 433?
4
What is the units digit of 325?
5
What is the thousands digit of 13199?
3
What is the units digit of 893?
3
What is the tens digit of 6746?
4
What is the thousands digit of 2640?
2
What is the thousands digit of 25479?
5
What is the hundreds digit of 720?
7
What is the tens digit of 1046?
4
What is the tens digit of 1184?
8
What is the hundreds digit of 1977?
9
What is the hundreds digit of 5328?
3
What is the tens digit of 32330?
3
What is the thousands digit of 19194?
9
What is the units digit of 876?
6
What is the hundreds digit of 688?
6
What is the tens digit of 4070?
7
What is the units digit of 14397?
7
What is the thousands digit of 6913?
6
What is the units digit of 868?
8
What is the hundreds digit of 1644?
6
What is the units digit of 2103?
3
What is the ten thousands digit of 70597?
7
What is the tens digit of 26614?
1
What is the hundreds digit of 11783?
7
What is the tens digit of 1077?
7
What is the thousands digit of 26314?
6
What is the units digit of 88?
8
What is the hundreds digit of 21006?
0
What is the tens digit of 2951?
5
What is the thousands digit of 2435?
2
What is the tens digit of 11408?
0
What is the units digit of 1468?
8
What is the hundreds digit of 1268?
2
What is the units digit of 897?
7
What is the tens digit of 84942?
4
What is the units digit of 1764?
4
What is the tens digit of 6025?
2
What is the hundreds digit of 6963?
9
What is the tens digit of 1107?
0
What is the units digit of 338?
8
What is the tens digit of 4665?
6
What is the tens digit of 1059?
5
What is the thousands digit of 2144?
2
What is the ten thousands digit of 55471?
5
What is the hundreds digit of 4762?
7
What is the hundreds digit of 51167?
1
What is the thousands digit of 4256?
4
What is the thousands digit of 23042?
3
What is the thousands digit of 10498?
0
What is the units digit of 2431?
1
What is the hundreds digit of 558?
5
What is the ten thousands digit of 48831?
4
What is the ten thousands digit of 17053?
1
What is the hundreds digit of 4616?
6
What is the thousands digit of 7042?
7
What is the tens digit of 4288?
8
What is the hundreds digit of 9336?
3
What is the hundreds digit of 35733?
7
What is the ten thousands digit of 12880?
1
What is the tens digit of 8936?
3
What is the hundreds digit of 4253?
2
What is the units digit of 5390?
0
What is the thousands digit of 120634?
0
What is the units digit of 59614?
4
What is the tens digit of 275?
7
What is the thousands digit of 2464?
2
What is the hundreds digit of 28919?
9
What is the units digit of 3140?
0
What is the units digit of 1024?
4
What is the thousands digit of 1283?
1
What is the units digit of 754?
4
What is the units digit of 927?
7
What is the tens digit of 30222?
2
What is the tens digit of 4679?
7
What is the thousands digit of 30892?
0
What is the thousands digit of 51593?
1
What is the hundreds digit of 631?
6
What is the tens digit of 3725?
2
What is the hundreds digit of 5257?
2
What is the thousands digit of 6435?
6
What is the units digit of 908?
8
What is the tens digit of 4103?
0
What is the hundreds digit of 186?
1
What is the units digit of 15804?
4
What is the tens digit of 49513?
1
What is the tens digit of 8574?
7
What is the hundreds digit of 1202?
2
What is the hundreds digit of 13945?
9
What is the thousands digit of 3074?
3
What is the units digit of 3929?
9
What is the thousands digit of 2016?
2
What is the tens digit of 5408?
0
What is the tens digit of 657?
5
What is the thousands digit of 53025?
3
What is the tens digit of 9440?
4
What is the thousands digit of 6425?
6
What is the thousands digit of 1357?
1
What is the thousands digit of 56645?
6
What is the tens digit of 9916?
1
What is the hundreds digit of 1157?
1
What is the units digit of 1915?
5
What is the ten thousands digit of 107744?
0
What is the units digit of 88?
8
What is the tens digit of 3981?
8
What is the hundreds digit of 3689?
6
What is the tens digit of 17512?
1
What is the thousands digit of 6494?
6
What is the tens digit of 141319?
1
What is the hundreds digit of 11044?
0
What is the units digit of 690?
0
What is the hundreds digit of 82255?
2
What is the thousands 